{"id":56,"date":"2025-07-31T08:23:58","date_gmt":"2025-07-31T06:23:58","guid":{"rendered":"https:\/\/gray-gnu-241252.hostingersite.com\/?page_id=56"},"modified":"2025-08-28T07:42:44","modified_gmt":"2025-08-28T05:42:44","slug":"a-propos","status":"publish","type":"page","link":"https:\/\/plafoda.org\/?page_id=56","title":{"rendered":"A propos"},"content":{"rendered":"\n<div class=\"wp-block-group alignfull is-layout-constrained wp-container-core-group-is-layout-e1639f40 wp-block-group-is-layout-constrained\" style=\"margin-top:0;margin-bottom:0;padding-top:var(--wp--preset--spacing--80);padding-right:var(--wp--preset--spacing--50);padding-bottom:var(--wp--preset--spacing--80);padding-left:var(--wp--preset--spacing--50)\">\n<div class=\"wp-block-group is-content-justification-left is-layout-constrained wp-container-core-group-is-layout-4aa91cc0 wp-block-group-is-layout-constrained\">\n<p class=\"has-text-align-center has-ti-accent-color has-text-color has-link-color has-small-font-size wp-elements-d45325e276f8b8a783c67f0c94b88859\" style=\"font-style:normal;font-weight:700;text-transform:uppercase\">A propos <\/p>\n\n\n\n<h2 class=\"wp-block-heading has-text-align-center\">Plateforme f\u00e9ministe organis\u00e9e pour le d\u00e9veloppement de l&rsquo;Artibonite.<\/h2>\n<\/div>\n\n\n\n<div class=\"wp-block-group is-layout-constrained wp-container-core-group-is-layout-c5bbea69 wp-block-group-is-layout-constrained\">\n<div class=\"wp-block-columns alignwide is-layout-flex wp-container-core-columns-is-layout-6ef9061c wp-block-columns-is-layout-flex\">\n<div class=\"wp-block-column is-layout-flow wp-block-column-is-layout-flow\">\n<h3 class=\"wp-block-heading has-text-align-center\">Fond\u00e9e<\/h3>\n\n\n\n<hr class=\"wp-block-separator aligncenter has-text-color has-ti-accent-color has-alpha-channel-opacity has-ti-accent-background-color has-background\"\/>\n\n\n\n<p class=\"has-text-align-center\">Fond\u00e9e en 2010 , plafoda est une plateforme de 28 organisations communautaires de base (OCB) a vocation f\u00e9ministe , qui porte une vision n\u00e9e en r\u00e9ponse aux structures patriarcales pour la promotion des droits des femmes qui constituent une partie int\u00e9grante et une force majeure du d\u00e9veloppement , mais qui , malheureusement , sont d&rsquo;une faible repr\u00e9sentativit\u00e9 au sein des instances de d\u00e9cision<\/p>\n\n\n\n<h3 class=\"wp-block-heading has-text-align-center\">Nos valeurs <\/h3>\n\n\n\n<hr class=\"wp-block-separator aligncenter has-text-color has-ti-accent-color has-alpha-channel-opacity has-ti-accent-background-color has-background\"\/>\n\n\n\n<p class=\"has-text-align-center\">&nbsp;PLAFODA s&rsquo;implique a promouvoir la place des femmes dans les instances d\u00e9cisives , a promouvoir le respect des droits de la personne humaine , a am\u00e9liorer leur conditions de vie et s&rsquo;engager a donner a la femme sa place de maillon fort et d&rsquo;\u00e9quilibre dans la soci\u00e9t\u00e9 a travers des programmes suivants des valeurs humanistes , c&rsquo;est-a-dire tout en reconnaissant que les droits humains sont inali\u00e9nables , indivisibles et universels .<\/p>\n<\/div>\n<\/div>\n\n\n\n<div class=\"wp-block-columns alignwide is-layout-flex wp-container-core-columns-is-layout-6ef9061c wp-block-columns-is-layout-flex\">\n<div class=\"wp-block-column is-layout-flow wp-block-column-is-layout-flow\">\n<h3 class=\"wp-block-heading has-text-align-center\">Notre mission<\/h3>\n\n\n\n<hr class=\"wp-block-separator aligncenter has-text-color has-ti-accent-color has-alpha-channel-opacity has-ti-accent-background-color has-background\"\/>\n\n\n\n<p class=\"has-text-align-center\">Renforcer le leadership des femmes et leur participation et de d\u00e9construire les rapports de pouvoir qui r\u00e9gissent les relations hommes femmes pour mettre fin a la violence a l&rsquo;\u00e9gard des femmes.Lorem ipsum dolor sit amet, consectetur adipiscing elit. Ut elit tellus, luctus nec ullamcorper mattis, pulvinar dapibus leo.<\/p>\n\n\n\n<h3 class=\"wp-block-heading has-text-align-center\">Nos  objectifs<\/h3>\n\n\n\n<hr class=\"wp-block-separator aligncenter has-text-color has-ti-accent-color has-alpha-channel-opacity has-ti-accent-background-color has-background\"\/>\n\n\n\n<p class=\"has-text-align-center\">arrivez a mettre ensemble les organisations de femmes de l&rsquo;artibonite : <\/p>\n\n\n\n<ul class=\"wp-block-list\">\n<li>Lutter contre les pratiques de discriminations et de violences faites aux femmes sur toutes les formes.<\/li>\n\n\n\n<li>Contribuer a l&rsquo;am\u00e9lioration des conditions de vie des femmes et de la population de l&rsquo;Artibonite.<\/li>\n\n\n\n<li>Lutter pour l&rsquo;autonomisation des femmes .<\/li>\n\n\n\n<li>Participer a la r\u00e9insertion sociale et \u00e9conomique des femmes.<\/li>\n<\/ul>\n<\/div>\n<\/div>\n<\/div>\n<\/div>\n\n\n\n<div class=\"wp-block-group alignfull is-layout-constrained wp-block-group-is-layout-constrained\" style=\"margin-top:0;margin-bottom:0;padding-top:64px;padding-bottom:64px\">\n<div class=\"wp-block-columns is-layout-flex wp-container-core-columns-is-layout-28232c24 wp-block-columns-is-layout-flex\">\n<div class=\"wp-block-column is-vertically-aligned-center is-layout-flow wp-block-column-is-layout-flow\" style=\"padding-top:24px;padding-right:24px;padding-bottom:24px;padding-left:24px\">\n<div class=\"wp-block-group is-content-justification-left is-layout-constrained wp-container-core-group-is-layout-12dd3699 wp-block-group-is-layout-constrained\">\n<p class=\"has-text-align-left has-ti-accent-color has-text-color has-link-color has-small-font-size wp-elements-3a3d3f39454e9d68b0cb6b154838f5b2\" style=\"font-style:normal;font-weight:700;text-transform:uppercase\">Expertise<\/p>\n\n\n\n<h2 class=\"wp-block-heading\">Axes d&rsquo;interventions <\/h2>\n\n\n\n<hr class=\"wp-block-separator has-text-color has-ti-accent-color has-alpha-channel-opacity has-ti-accent-background-color has-background\"\/>\n\n\n\n<p>PLAFODA , dans ses diff\u00e9rentes interventions fond\u00e9es sur l&rsquo;Egalite , la solidarit\u00e9 la justice sociale et la diversit\u00e9 pour que les femmes soient actrices de changement , pour renverser les rapport in\u00e9galitaires et d\u00e9balanc\u00e9s hommes\/femmes et pour promouvoir le sens de la dignit\u00e9 et de la responsabilit\u00e9 collective.<br>Notre Expertise :<br><\/p>\n\n\n\n<ul class=\"wp-block-list\">\n<li>Lutter contre les violences faites aux femmes\/filles ;<\/li>\n\n\n\n<li>Autonomisation des femmes et des filles ;<\/li>\n\n\n\n<li>Pladoyer<\/li>\n\n\n\n<li>Leadership f\u00e9minin;<\/li>\n\n\n\n<li>Entreprenariat f\u00e9minin;<\/li>\n\n\n\n<li>Masculinit\u00e9 positive<\/li>\n<\/ul>\n<\/div>\n<\/div>\n\n\n\n<div class=\"wp-block-column is-layout-flow wp-block-column-is-layout-flow\">\n<figure class=\"wp-block-image size-full has-custom-border\"><img fetchpriority=\"high\" decoding=\"async\" width=\"759\" height=\"1080\" src=\"https:\/\/plafoda.org\/wp-content\/uploads\/2025\/08\/WhatsApp-Image-2025-08-02-a-19.45.20_712a3172-1.jpg\" alt=\"\" class=\"wp-image-163\" style=\"border-radius:8px;aspect-ratio:3\/4;object-fit:cover\" srcset=\"https:\/\/plafoda.org\/wp-content\/uploads\/2025\/08\/WhatsApp-Image-2025-08-02-a-19.45.20_712a3172-1.jpg 759w, https:\/\/plafoda.org\/wp-content\/uploads\/2025\/08\/WhatsApp-Image-2025-08-02-a-19.45.20_712a3172-1-211x300.jpg 211w, https:\/\/plafoda.org\/wp-content\/uploads\/2025\/08\/WhatsApp-Image-2025-08-02-a-19.45.20_712a3172-1-720x1024.jpg 720w\" sizes=\"(max-width: 759px) 100vw, 759px\" \/><\/figure>\n<\/div>\n<\/div>\n<\/div>\n","protected":false},"excerpt":{"rendered":"<p>A propos Plateforme f\u00e9ministe organis\u00e9e pour le d\u00e9veloppement de l&rsquo;Artibonite. Fond\u00e9e Fond\u00e9e en 2010 , plafoda est une plateforme de 28 organisations communautaires de base (OCB) a vocation f\u00e9ministe , qui porte une vision n\u00e9e en r\u00e9ponse aux structures patriarcales pour la promotion des droits des femmes qui constituent une partie int\u00e9grante et une force [&hellip;]<\/p>\n","protected":false},"author":1,"featured_media":0,"parent":0,"menu_order":0,"comment_status":"closed","ping_status":"closed","template":"","meta":{"footnotes":""},"class_list":["post-56","page","type-page","status-publish","hentry"],"_links":{"self":[{"href":"https:\/\/plafoda.org\/index.php?rest_route=\/wp\/v2\/pages\/56","targetHints":{"allow":["GET"]}}],"collection":[{"href":"https:\/\/plafoda.org\/index.php?rest_route=\/wp\/v2\/pages"}],"about":[{"href":"https:\/\/plafoda.org\/index.php?rest_route=\/wp\/v2\/types\/page"}],"author":[{"embeddable":true,"href":"https:\/\/plafoda.org\/index.php?rest_route=\/wp\/v2\/users\/1"}],"replies":[{"embeddable":true,"href":"https:\/\/plafoda.org\/index.php?rest_route=%2Fwp%2Fv2%2Fcomments&post=56"}],"version-history":[{"count":13,"href":"https:\/\/plafoda.org\/index.php?rest_route=\/wp\/v2\/pages\/56\/revisions"}],"predecessor-version":[{"id":164,"href":"https:\/\/plafoda.org\/index.php?rest_route=\/wp\/v2\/pages\/56\/revisions\/164"}],"wp:attachment":[{"href":"https:\/\/plafoda.org\/index.php?rest_route=%2Fwp%2Fv2%2Fmedia&parent=56"}],"curies":[{"name":"wp","href":"https:\/\/api.w.org\/{rel}","templated":true}]}}